remainder when 2263469 is divided by 133144.
21
Calculate the remainder when 147189399 is divided by 40.
39
Calculate the remainder when 2312230 is divided by 770738.
16
What is the remainder when 12193 is divided by 4042?
67
Calculate the remainder when 5110795 is divided by 862.
859
What is the remainder when 1235673 is divided by 2171?
374
What is the remainder when 12657317 is divided by 1502?
1465
What is the remainder when 22398 is divided by 8168?
6062
What is the remainder when 581848 is divided by 3509?
2863
What is the remainder when 331621 is divided by 6362?
797
What is the remainder when 146479 is divided by 1864?
1087
What is the remainder when 115167 is divided by 28668?
495
What is the remainder when 10819663 is divided by 259?
197
Calculate the remainder when 38950 is divided by 37.
26
Calculate the remainder when 19843004 is divided by 9921469.
66
What is the remainder when 4515675 is divided by 1505217?
24
What is the remainder when 15566233 is divided by 15566209?
24
What is the remainder when 875652 is divided by 303?
285
What is the remainder when 2990350 is divided by 230026?
12
Calculate the remainder when 957990 is divided by 1047.
1032
Calculate the remainder when 2110137 is divided by 11048.
11017
Calculate the remainder when 1432436 is divided by 2356.
2344
Calculate the remainder when 45290396 is divided by 10786.
10768
What is the remainder when 270365 is divided by 33742?
429
What is the remainder when 1091881 is divided by 112?
105
Calculate the remainder when 487577273 is divided by 415.
413
What is the remainder when 26105 is divided by 5139?
410
Calculate the remainder when 30239 is divided by 153.
98
What is the remainder when 1926249 is divided by 10?
9
Calculate the remainder when 1366178 is divided by 207.
185
Calculate the remainder when 80243 is divided by 11450.
93
Calculate the remainder when 392629 is divided by 2514.
445
Calculate the remainder when 469916 is divided by 29366.
60
Calculate the remainder when 1890048 is divided by 145365.
303
Calculate the remainder when 337729 is divided by 21108.
1
What is the remainder when 7402 is divided by 1154?
478
Calculate the remainder when 6480841 is divided by 4.
1
What is the remainder when 2132639 is divided by 3353?
131
Calculate the remainder when 197795 is divided by 21965.
110
Calculate the remainder when 284737 is divided by 4250.
4237
Calculate the remainder when 141482 is divided by 125089.
16393
What is the remainder when 2308427 is divided by 3641?
33
Calculate the remainder when 25081580 is divided by 4048.
172
What is the remainder when 4536253 is divided by 91?
85
Calculate the remainder when 58371 is divided by 5826.
111
What is the remainder when 690715 is divided by 345234?
247
What is the remainder when 1608586 is divided by 51?
46
Calculate the remainder when 778881 is divided by 301.
194
Calculate the remainder when 1185189020 is divided by 32.
28
What is the remainder when 17476935 is divided by 8738467?
1
Calculate the remainder when 83104361 is divided by 4898.
4893
What is the remainder when 11478624 is divided by 98953?
76
Calculate the remainder when 62489 is divided by 992.
985
Calculate the remainder when 1755151 is divided by 3318.
3247
What is the remainder when 337717 is divided by 244?
21
Calculate the remainder when 4905948 is divided by 2452642.
664
What is the remainder when 248129 is divided by 248009?
120
What is the remainder when 72787 is divided by 4013?
553
Calculate the remainder when 4128759 is divided by 317596.
11
Calculate the remainder when 57560 is divided by 57309.
251
Calculate the remainder when 6956671 is divided by 41.
37
Calculate the remainder when 94197545 is divided by 1198.
3
Calculate the remainder when 11671144 is divided by 35801.
18
Calculate the remainder when 1069486 is divided by 4884.
4774
Calculate the remainder when 283090 is divided by 639.
13
What is the remainder when 835145 is divided by 8791?
0
What is the remainder when 1086613 is divided by 1413?
16
Calculate the remainder when 395262 is divided by 4345.
4212
What is the remainder when 21236 is divided by 1746?
284
Calculate the remainder when 13204853 is divided by 3.
2
What is the remainder when 4352846 is divided by 25?
21
What is the remainder when 172805078 is divided by 280?
278
What is the remainder when 21187311 is divided by 203?
201
Calculate the remainder when 856179 is divided by 856125.
54
What is the remainder when 28585567 is divided by 47882?
13
What is the remainder when 131341 is divided by 611?
587
What is the remainder when 325301 is divided by 5608?
37
What is the remainder when 620471 is divided by 1251?
1226
What is the remainder when 732639 is divided by 524?
87
Calculate the remainder when 12297127 is divided by 13.
11
What is the remainder when 7434340 is divided by 10101?
4
What is the remainder when 103502 is divided by 17081?
1016
Calculate the remainder when 48538627 is divided by 1402.
1387
What is the remainder when 27107 is divided by 976?
755
What is the remainder when 25557 is divided by 1808?
245
What is the remainder when 1274240 is divided by 4997?
5
Calculate the remainder when 196441633 is divided by 3871.
3867
What is the remainder when 166918 is divided by 53207?
7297
What is the remainder when 7183 is divided by 3548?
87
What is the remainder when 1990778 is divided by 46?
36
Calculate the remainder when 18015083 is divided by 1962.
1961
Calculate the remainder when 15199528 is divided by 13571.
8
Calculate the remainder when 1788391 is divided by 149028.
55
Calculate the remainder when 220498016 is divided by 212.
208
What is the remainder when 743169 is divided by 247702?
63
Calculate the remainder when 451125651 is divided by 293.
290
Calculate the remainder when 10099 is divided by 158.
145
Calculate the remainder when 159251 is divided by 768.
275
Calculate the remainder when 5259884 is divided by 9.
5
What is the remainder when 17427587 is divided by 8713775?
37
What is the remainder when 42234 is divided by 20863?
508
What is the remainder when 2417074 is divided by 2280?
274
What is the remainder when 2171 is divided by 2059?
112
What is the remainder when 637777 is divided by 7086?
37
What is the remainder when 20086 is divided by 16541?
3545
What is the remainder when 8550570 is divided by 25?
20
Calculate the remainder when 2939325 is divided by 25.
0
What is the remainder when 1133138 is divided by 925?
13
Calculate the remainder when 251426 is divided by 705.
446
What is the remainder when 1496757 is divided by 196?
101
What is the remainder when 990786 is divided by 198157?
1
What is the remainder when 597051 is divided by 130?
91
Calculate the remainder when 578263 is divided by 3755.
3748
What is the remainder when 94297 is divided by 45810?
2677
Calculate the remainder when 20520 is divided by 2906.
178
What is the remainder when 96407 is divided by 24025?
307
What is the remainder when 687664 is divided by 137267?
1329
What is the remainder when 6579973 is divided by 2689?
2679
What is the remainder when 628905640 is divided by 4948?
4944
Calculate the remainder when 64385844 is divided by 16096453.
32
Calculate the remainder when 36765275 is divided by 476.
463
What is the remainder when 32587133 is divided by 5273?
5266
Calculate the remainder when 1142895 is divided by 42.
33
What is the remainder when 140493 is divided by 65751?
8991
Calculate the remainder when 13349753 is divided by 544.
537
Calculate the remainder when 680849 is divided by 3123.
35
What is the remainder when 3699755 is divided by 1939?
143
What is the remainder when 66930 is divided by 21609?
2103
Calculate the remainder when 103291 is divided by 48799.
5693
Calculate the remainder when 15679 is divided by 1616.
1135
Calculate the remainder when 1261302 is divided by 73.
8
What is the remainder when 10486 is divided by 1734?
82
What is the remainder when 60633738 is divided by 300167?
4
What is the remainder when 43387 is divided by 20675?
2037
What is the remainder when 873734 is divided by 1624?
22
What is the remainder when 119627 is divided by 532?
459
Calculate the remainder when 496625 is divided by 116.
29
Calculate the remainder when 95938972 is divided by 827060.
12
What is the remain